?
35
Suppose 13*u = -2347 + 10498. Calculate the highest common divisor of u and 99.
33
Let p(h) = h + 18. Let z be p(0). Let d be (-3 - -1)/((-12)/z). What is the highest common factor of d and 3?
3
Suppose 0*f - 3*f = 42. Let p = -10 - f. What is the greatest common factor of 32 and p?
4
Suppose 7 - 227 = -4*t. Let d be ((-144)/(-45))/(4/50). Let s = d + t. Calculate the highest common divisor of s and 19.
19
Let l(f) = 23*f**2 + 181*f - 9. Let a be l(-12). What is the greatest common factor of 13 and a?
13
Let g = 222 + -200. What is the highest common factor of 22 and g?
22
Suppose -280 = -46*q + 11*q. Calculate the greatest common divisor of 152 and q.
8
Let f(b) = b**2 + 12*b + 25. Let j be f(-3). Let h be (34 - (-4 - -4)) + j. What is the greatest common factor of 8 and h?
8
Suppose -1 = a - 2. Let o be (24 + -1)*1/a. Calculate the highest common divisor of 92 and o.
23
Let n be (-48 + 8)*15/(-20). What is the highest common factor of 120 and n?
30
Suppose 0 = -14*h + 18*h - 820. Let u = -17 + 58. What is the highest common divisor of u and h?
41
Suppose 0 = 5*a + 10. Let i be 1 + (-97)/a*2. What is the greatest common factor of i and 14?
14
Suppose -118 = -5*u - 33. Suppose w + 4*r = 187, 2*w + 4*r + 374 = 4*w. What is the highest common divisor of u and w?
17
Suppose 5*y - 296 = 229. Calculate the greatest common divisor of 15 and y.
15
Suppose -5*k + 7*w = -10444, 4*w - 2 = 5*w. Calculate the greatest common divisor of 14 and k.
14
Let w = 16 - 32. Let b = 88 + w. What is the greatest common factor of b and 8?
8
Let x(g) = 21*g + 625. Let i be x(-28). What is the highest common divisor of i and 1739?
37
Let o = -4 + 3. Let q be 6*(0 + o/(-2)). Suppose 682*g - 76*g - 19998 = 0. What is the greatest common divisor of g and q?
3
Let a be (-6)/(-18) - (-71)/3. What is the greatest common divisor of a and 120?
24
Let v = -19 + 11. Let z(s) = -7*s + 3. Let y be z(v). Suppose -5*p = -101 - y. What is the highest common divisor of 8 and p?
8
Let o = 382 - 273. Let y = -21 + o. What is the highest common factor of 8 and y?
8
Let l(y) = y + 1. Let r be l(2). Suppose 0 = r*w - 4 - 5. Suppose 3*q - 6*q + w = 0. Calculate the greatest common divisor of 5 and q.
1
Let s = -4 + -5. Let m = -6 - s. Suppose 0*z + 5*j = z - 5, -m*z + 39 = -3*j. Calculate the highest common factor of z and 15.
15
Suppose 2*j + 42 = 5*j. Let m be ((-730)/(-6))/((-5)/(-15)). Let t = -211 + m. Calculate the greatest common factor of t and j.
14
Let v(o) = 9*o + 357. Let g be v(-37). What is the greatest common factor of g and 852?
12
Let q(c) = -2*c**2 - 14*c + 5. Let m be q(-6). Let y be (-3*51)/(5 - 6). Calculate the greatest common divisor of m and y.
17
Suppose m - 2*o = -0*m + 15, 3*m - 41 = 4*o. Let r = -11 + m. Let y be (14 - r)/(4/2). Calculate the highest common factor of y and 21.
7
Suppose -2*n + 16 = -3*m, m - 14 = -3*n + 3*m. Suppose -360 = -3*d - n*d. Suppose 48 = -5*j + 6*j. What is the greatest common factor of d and j?
24
Let o = -9 - -52. Suppose o*a - 38*a = 585. Suppose -5*b + 38 = -27. Calculate the highest common divisor of a and b.
13
Let b = 920 + -844. Suppose 0*x + x = -l + 59, -5*l = -2*x - 281. Suppose 2*t + l = 5*t. Calculate the greatest common divisor of b and t.
19
Suppose -7*p + 190 - 155 = 0. Suppose -4*g + 59 - 19 = 0. Calculate the greatest common factor of p and g.
5
Let o(m) = m**3 + m**2 - m - 63. Suppose 0*s - s = 0. Let l be o(s). Let i = l + 113. Calculate the greatest common divisor of 20 and i.
10
Let i be ((-558)/(-124))/((-2)/4 + 1). Suppose 12*f - i*f = 24. Calculate the greatest common factor of f and 20.
4
Suppose 0 = 8*a - 320 - 288. Let g = 54 + a. What is the highest common divisor of g and 10?
10
Let o be 6*((2 - 1) + (-2)/4). Suppose -31 = -3*t - 3*x + 26, t - 21 = -o*x. What is the greatest common factor of t and 36?
18
Let m be (-3)/2*520/(-39). Let r(y) = -3*y - 10. Let b be r(-10). Calculate the greatest common divisor of b and m.
20
Let f(v) = -57*v - 16. Let q be f(-1). Calculate the greatest common factor of 41 and q.
41
Let d(m) = 6*m + 30. Let n be d(9). What is the highest common factor of 112 and n?
28
Let c(x) = 5*x**2 - x. Let p be c(1). Suppose -18 = -o - 14. What is the greatest common divisor of o and p?
4
Suppose -2*p = -4*y + 1128, y + 2*y - 2*p - 848 = 0. Suppose -10*q + 3*q = -y. Let b = -19 + q. Calculate the greatest common factor of b and 63.
21
Let s(r) = r**2 + 26*r**3 + 20*r**3 + 3*r**2 - 6*r**2 + 2 - r. Let o be s(1). Calculate the greatest common factor of o and 405.
45
Let n(i) = 2*i**2 - i + 8. Let t be n(-2). Calculate the greatest common divisor of t and 4014.
18
Let v be -8*(-2 + 21/(-28)). What is the highest common divisor of v and 253?
11
Suppose -82 - 18 = -5*w. Suppose 4*z - 2*c = -6*c + w, 7 = 2*z + 5*c. Suppose 5*f - 61 = -z. What is the highest common divisor of 77 and f?
11
Let m(g) be the third derivative of g**6/120 - 17*g**5/60 + g**4/24 - g**3 - 7*g**2. Let u be m(17). What is the greatest common factor of 11 and u?
11
Let g = -325 + 421. What is the greatest common divisor of 128 and g?
32
Suppose -24 = -4*g + h, h = -2*g + 2 + 4. Suppose g*u = -x + 34, -4*u = x - 8*u - 34. Calculate the greatest common factor of 2 and x.
2
Let h be (-2 + 14)/((-6)/(-28)). Suppose 0 = -t - 0*t + 2. Suppose t*m - 16 = -0*m. What is the greatest common divisor of h and m?
8
Suppose 216 + 642 = 13*u. What is the greatest common factor of 4092 and u?
66
Let y(a) = -a**2 + 16*a + 20. Let o be y(17). Suppose o*g = 2*i + 36 - 97, 4*g = -i + 3. What is the highest common factor of 253 and i?
23
Let a(r) = -r**2 - 27*r + 16. Let h(j) = -j**2 - j - 7. Let w be h(-5). Let x be a(w). Calculate the greatest common divisor of 16 and x.
16
Let b(n) = 15*n + 77. Let u be b(0). Calculate the highest common divisor of u and 1463.
77
Let q(z) = -29 + 37 + 2*z - 23. Let p be q(13). Suppose 15 = p*i - 8*i. Calculate the greatest common divisor of i and 45.
5
Let l = -1471 - -1625. Suppose 2*r + 2*r - 88 = 0. What is the highest common divisor of l and r?
22
Let a = 111 - 65. Let k = -12 + a. Calculate the greatest common factor of k and 238.
34
Let c = -2759 + 2805. What is the greatest common divisor of c and 253?
23
Let l(g) = g**3 - 2*g**2 + 8*g - 11. Let s be l(3). Calculate the greatest common divisor of 99 and s.
11
Suppose 9*w - 73 = 35. Calculate the highest common divisor of w and 4.
4
Let i(m) = -m**3 + m**2 + m - 1. Let a be i(1). Suppose r + 2 = -a*r. Let p be 56 - (r + 1 - -1). Calculate the highest common divisor of 8 and p.
8
Suppose 5*v = -r + 30, -5*r + 17*v - 19*v + 35 = 0. Let q = 33 + -18. Calculate the greatest common factor of r and q.
5
Suppose 5 = 3*z + 2*y - 4, 3*z - 9 = 3*y. Suppose -8*t + z*l = -5*t + 6, -5*t + 3*l - 4 = 0. Calculate the greatest common factor of t and 5.
1
Let x(v) = v**3 - 5*v**2 - 2*v - 7. Let t be x(6). What is the highest common factor of t and 34?
17
Let m be (-9)/(-6)*(-3 - -1) - -18. What is the highest common factor of 315 and m?
15
Suppose -3*s + 133 = 2*b - b, 5*b - 4*s = 741. What is the highest common divisor of b and 10?
5
Suppose -242 = -0*x - 2*x. Let p(d) = -4*d - 5. Let f be p(-4). What is the greatest common factor of f and x?
11
Let x = 11 - 7. Suppose x*z - 6*z = -4. Suppose 2*s + b = 1, 0*b - 4*b - 8 = z*s. What is the highest common divisor of s and 3?
1
Suppose -2*b + 0*b = 6. Suppose -y + 2*y + 3*p - 2 = 0, 3*y + 2*p - 34 = 0. Let d = b + y. Calculate the highest common factor of d and 121.
11
Let t = 533 - 522. Let y(x) = -x**3 - x**2 + 77. Let a be y(0). Calculate the greatest common factor of a and t.
11
Suppose 0*q = q - 9. Let b = 9 - q. Suppose -24 = -4*u + x, b*x + 3*x = 5*u - 30. Calculate the highest common factor of u and 42.
6
Suppose -4*o = 299 - 51. Let f = o - 390. Let i = -276 - f. Calculate the greatest common factor of 16 and i.
16
Let h = 21 + 243. Calculate the highest common divisor of h and 12.
12
Let s be 3/(-2) + (-14)/(-4). Suppose -5*l = s*p - 442, 0 = 2*p + l - 3*l - 470. Let q be (-62)/(-3) - 1/(-3). What is the greatest common divisor of p and q?
21
Suppose -68*k - 7955 = -105*k. Calculate the highest common divisor of 20 and k.
5
Let p(o) = 31*o**3 - 10*o**2 + 13*o - 7. Let f be p(3). What is the highest comm